pose -d + 4*d - 9 = h. Suppose 5*z = -0*z + 4*s + 87, 5*z - 66 = -d*s. List the prime factors of z.
3, 5
Suppose -3*h + 26 = 4*q, 0*q + 10 = 2*q. Let p be ((-2)/(-7))/(h/28). Suppose w = -0*w - 5*x + 94, 2*x - 304 = -p*w. List the prime factors of w.
2, 37
Let c(m) = 7*m + 90 + 29*m + m**2 - 19*m. List the prime factors of c(-34).
2, 167
Let q be 1*(-5 + 3)*-2. Let x(c) = -q*c + 2*c + 0 - 7 + 1. What are the prime factors of x(-7)?
2
Let d(g) = -g**2 - 23*g + 2. Let o be d(-18). List the prime factors of (-23)/o + ((-3794)/(-8) - -1).
5, 19
Let m(l) = -64*l - 15. Suppose -14*k + 33 = -25*k. List the prime factors of m(k).
3, 59
What are the prime factors of ((-30)/(-8))/(2 - 16138/8072)?
5, 1009
Suppose -5*l - 4*w = -65430, -26*w = 4*l - 29*w - 52344. Suppose 39750 = 33*g + l. What are the prime factors of g?
2, 101
What are the prime factors of (-12)/144 - 649730/(-24)?
2, 3, 47
Suppose -11*h + 3 = -10*h. Let x be (1 - h)*(-64)/(0 - -2). Suppose 7*o - 1189 = x. What are the prime factors of o?
179
Suppose 3*p - 51197 = 5*k, 13144 = 2*p + 5*k - 21029. List the prime factors of p.
2, 8537
Suppose -5*d + 2*b + 1485 = 7*b, 2*b - 4 = 0. Let l = d - -29. Suppose 3*s = 7*s - l. What are the prime factors of s?
3
Let a(c) be the second derivative of 5*c**4/4 + 2*c**3/3 + 5*c**2/2 + 2*c. Let i(f) = f**2 - 4*f + 1. Let x be i(1). List the prime factors of a(x).
3, 19
Let r = 267 + -258. Suppose 0 = -l - r*l + 4350. What are the prime factors of l?
3, 5, 29
Let o(p) = -p**3 + 69*p**2 - 150*p + 22. List the prime factors of o(66).
2, 5, 11, 29
Suppose 4*s + 3976 + 340 = m, -3*m + 12888 = -2*s. What are the prime factors of m?
2, 29, 37
Let c = -114 - -1393. What are the prime factors of c?
1279
Let y(a) = 12*a**2 - a**3 + 31*a - 18 + 18*a - 67*a. Let h be y(10). Suppose -r - 205 = -h*r. List the prime factors of r.
5, 41
Let j = -6912 - -13075. What are the prime factors of j?
6163
Let c(v) = -v**2 - 8*v - 12. Let s be c(-7). Let i be 3 + ((-50)/s)/(-5). What are the prime factors of i + 160 + (6 - 3)?
2, 41
Let p = -282 - -290. Suppose 933 = 12*o - p*o + c, o = 4*c + 229. What are the prime factors of o?
233
Let q = -775 + 770. Let s(w) = 46*w**2 + 18*w + 55. What are the prime factors of s(q)?
5, 223
Let t(q) = q**2 - 4*q - 16. Let h be t(7). Suppose 3*y = -4*l - 1, 11 = -h*y - 4. Suppose 4*i = l*d, -45 = -5*d - 5*i - 0*i. List the prime factors of d.
2, 3
Suppose -p + 50 = 4*p. Suppose -12 = -3*y + k, 4*y + p*k = 7*k + 16. List the prime factors of (208/12)/(y/6).
2, 13
Suppose -4*l + 426 = -m + 547, 3*m + 5*l = 363. Let d = -6 + 9. Suppose -d*u + 5*u + 5*c - m = 0, -4*u + 2*c = -206. What are the prime factors of u?
53
Let h = -813 - -809. List the prime factors of h/6 - (-201160)/321.
2, 313
Let o(v) = 297*v + 47. Let i be o(15). Suppose -7*q = 1303 - i. What are the prime factors of q?
457
Suppose -2*p + 945 = -209. Let i = 1079 - p. List the prime factors of i.
2, 251
Let l(q) = 41*q**2 - 25*q + 10. Let y be l(5). Suppose 5*z - 1335 = y. What are the prime factors of z?
449
Suppose 5*j + l - 14 = 0, 8*j - 4*j + l = 12. Suppose 0 = -5*b - h - 0*h + 57, 37 = 3*b + j*h. What are the prime factors of b*6*(-6)/(-4)?
3, 11
Suppose -10*y - 3826 + 486 = 0. Let t = -160 - y. List the prime factors of t.
2, 3, 29
Suppose -21*v + 16*v = -100. Let p(n) = 21*n + 8. What are the prime factors of p(v)?
2, 107
Let x(l) = -5*l**2 + 17*l - 2. Let w be x(3). Suppose 5*t + i - 1530 = -w*i, -1533 = -5*t - 2*i. What are the prime factors of t?
307
Let d = 50 + -43. Let y be (-30)/105 + (-1496)/d. Let n = -82 - y. List the prime factors of n.
2, 3, 11
Let k(r) = -18*r**3 - 12*r**2 + 108*r + 1307. What are the prime factors of k(-12)?
29387
Suppose -384 = -w + 3*o + 154, -5*o = 3*w - 1572. What are the prime factors of w?
23
Let x = -3528 + 2343. Let w = 1922 + x. What are the prime factors of w?
11, 67
Let s(o) = 3316*o + 1765. List the prime factors of s(4).
7, 19, 113
Let j(k) = k**3 + 37*k**2 + 31*k - 87. Suppose -u = u, 5*z + 180 = -u. What are the prime factors of j(z)?
3, 31
Let i(h) = 338*h - 17. Suppose 20 = -15*c + 65. List the prime factors of i(c).
997
Let o be ((21/9)/(-7))/(3/(-36)). Suppose -3720 = -o*p - 6*p. What are the prime factors of p?
2, 3, 31
Let p be (-129)/(-27) + -5 - (-89092)/(-36). Let r = 3628 + p. What are the prime factors of r?
1153
Let f be 5/(-5) - -104 - -4. Suppose -f = -5*n + 13. Suppose -n = -3*w + 132. What are the prime factors of w?
2, 13
Let l(j) = 1058*j**2 - 3971*j + 10. List the prime factors of l(8).
2, 17977
Let m(x) be the third derivative of -x**6/30 - x**5/20 + 3*x**4/8 - x**3/6 + 29*x**2. Suppose 5 = -2*l - 3. List the prime factors of m(l).
3, 19
Suppose -1104 = -z - z. Suppose -2*a = -10*a + z. Suppose i + 15 - a = 0. What are the prime factors of i?
2, 3
Let s = -5171 - -9364. List the prime factors of s.
7, 599
Suppose 5*n - 2684 = -4*j, -44*n + 658 = j - 46*n. What are the prime factors of j?
2, 3, 37
Let b(j) be the second derivative of -j**3/2 - 3*j**2 - 4*j. Let m be b(-3). Suppose m*o - 300 = -3*w, -5*w + 39 = 3*o - 257. What are the prime factors of o?
2, 3, 17
Let k = 1 + -6. Let t be (k + 0)*(-4)/(-2). List the prime factors of (4/t)/(6/30)*-2.
2
Let d = 4683 + 5868. What are the prime factors of d?
3, 3517
Suppose -2*v = -5*q + 9, -2*q = 5*v - 25 + 4. Suppose v*w = -2 + 17. Suppose -p - w*d = 4*p - 615, 4*p - 520 = 3*d. List the prime factors of p.
127
Suppose 0 = 105*v - 106*v + 513. Let d = 359 + v. What are the prime factors of d?
2, 109
Suppose 10*k - 140 = -4*k. Let u be 9 + 5/k*-2. Let p(f) = -f**3 + 10*f**2 - 3*f + 16. List the prime factors of p(u).
2, 3, 5
Let d = 36 + -33. Suppose -2*u - 1895 - 144 = -3*g, d*u = 4*g - 2719. What are the prime factors of g?
7, 97
Suppose 5*x + 0*x + 3*q - 176645 = 0, 2*x - 70658 = q. What are the prime factors of x?
7, 103
What are the prime factors of (-1138962)/(-154) + 66/(-77)?
3, 5, 17, 29
Let u be (-258)/7*(-49)/7. Let v(p) = -81*p + 2. Let h be v(1). Let c = u + h. What are the prime factors of c?
179
Suppose 4*r - 11 = -n, -3 = n - 2. Suppose -r*i + 15 = 6. Suppose 444 = 3*h + q, -3*h - 450 = -6*h - i*q. List the prime factors of h.
3, 7
Let k(b) = 92*b + 20 + 110 + 13 + 26. List the prime factors of k(11).
1181
Suppose -2*l + 5 = -3, 52 = -2*q - 3*l. Let x = 38 + q. Suppose x*c = 5*c + 35. What are the prime factors of c?
5, 7
Let j(s) = -s**2 + 25*s - 70. Suppose -z + 18 = y, -z - 3*y - 74 = -6*z. What are the prime factors of j(z)?
2, 37
Let r = -72 - -67. Let o = r + 4. List the prime factors of (o/(3/66) + -3)*-5.
5
Let r = -150 + 167. Let d(m) = 18*m**2 + 3*m**3 - 40 + 4*m - 18*m - 4*m**3. List the prime factors of d(r).
11
List the prime factors of 70 - 69 - (1*2/2 + -10003).
7, 1429
List the prime factors of (-12539199)/(-274)*24/18.
2, 30509
Let h = -569 - -570. Let v(c) = 342*c + 25. What are the prime factors of v(h)?
367
Let d(g) = g**3 + 5*g**2 - 16*g - 10. Let t be d(-7). Suppose 0 = 4*y - t*i - 152, 2*y = -3*i + 76 - 15. List the prime factors of y.
5, 7
Suppose 0 = 5*j + 15, 3*g + 3*j + 9 = -6. Let u = 8 + 189. What are the prime factors of (-4)/8*g + u?
2, 3, 11
Let f = -85394 - -129567. List the prime factors of f.
163, 271
Suppose -3375 = 56*t - 11*t. Suppose -5*f - 124 = 176. Let r = f - t. List the prime factors of r.
3, 5
Let a = 3938 + -3166. List the prime factors of a.
2, 193
Suppose 29 = 3*f + r + 8, 21 = 3*f - 4*r. Suppose -1 + f = 3*v. List the prime factors of 78 + 1/(v - (-20)/(-8)).
2, 19
Let q be 3/(-2)*(3 + -5). Suppose -4*v + 12 = 0, 8*v - 6 = 3*x + q*v. Suppose 2*r = 4*t - 146, -t - x*t + r + 143 = 0. List the prime factors of t.
5, 7
Let m = 963 + -959. Let k(b) = 59*b**2 - 39*b + 133. What are the prime factors of k(m)?
3, 307
Let r = 19732 + -10999. List the prime factors of r.
3, 41, 71
Suppose 0 = -6*u - 259 - 593. Let x = u + 323. List the prime factors of x.
181
Suppose s = 3*v - 19, 5*v - 4*s = 3*v + 16. List the prime factors of 15222/36 - (-1)/v.
3, 47
Suppose 19*s = 184*s + 43*s - 666432. What are the prime factors of s?
2, 3, 89
Let q(d) = 162*d**3 + 7*d**2 + 6*d - 31. List the prime factors of q(5).
2, 3, 23, 37
Let z(b) = b**2 - 13*b - 26. Let q be z(15). Suppose 0*l + q*l = 156. Suppose -v + l = -0*v. W